f 5 + 1 - (3 - -2)?
1
Evaluate (6 - (-1 + 2 + 10)) + 9.
4
What is the value of 1 + -1 + -1 + 3 + -4?
-2
Evaluate (25 - 4 - 4) + -7.
10
What is the value of 4 - 6 - 5 - -3?
-4
What is the value of 5 + 2 - (-3 + -7 - -12)?
5
Calculate 2 - (-1 + 6 - 1) - 4.
-6
(-3 - 8) + (-3 - -22)
8
What is the value of -4 - (4 + -9 + 1)?
0
Calculate (-16 - -3) + 3 + 4.
-6
What is the value of 6 + (-11 + 7 - 0)?
2
Evaluate 1 + (1 + -1 + -2 - 2).
-3
What is the value of 5 - (0 + 1 + -90 + 89)?
5
What is the value of -2 - -3 - (-2 + (-3 - -2))?
4
What is 6 + (-1 - 1) + (4 - 6)?
2
Calculate 7 - (-6 + 11 + -6).
8
What is the value of -7 + 2 + (1 - (1 - 9))?
4
0 + 0 + 2 - (-11 - -12)
1
What is the value of 3 + 2 + -9 + 2?
-2
0 - (7 - (12 + -3 + -2))
0
What is (-2 - -5) + -3 + (5 - 10)?
-5
Evaluate -5 - ((-1 - 7) + -1).
4
-5 + (-9 - -5 - -11) + -7
-5
Calculate 8 + -16 - (-3 + -5).
0
Evaluate 3 - (6 + 5 + -10).
2
What is the value of 8 + (4 - 5) - (0 + 7)?
0
Calculate 6 + 7 - 9 - 2.
2
What is -2 - (-4 + 2) - (5 + -1)?
-4
Evaluate -1 - (0 + -1 + 2 + -2).
0
Evaluate (-4 - -9 - (0 - -1)) + -9.
-5
3 + (3 - ((-3 - -7) + 5))
-3
-2 + 2 + -3 - (4 - 3)
-4
Evaluate 9 + -10 + 1 + 3.
3
Evaluate (2 + -3 - 4) + 0.
-5
Evaluate (3 - 2 - 4) + 1.
-2
Evaluate 17 + -16 - (7 - (-2 + 4)).
-4
Calculate (-5 - -1) + 4 - (8 - 2).
-6
What is the value of (-22 - -26) + (-1 - (2 + -4))?
5
-66 - -56 - (-5 - 1)
-4
What is -4 + 11 + (-1 - 2)?
4
What is 3 - (-3 + 9 - (1 + -1))?
-3
What is 4 + 3 + (-1 - 1)?
5
What is -5 + -1 + 13 + -4?
3
What is (1 - (2 - -3)) + (1 - 0)?
-3
What is (12 - (-14 + 10)) + -9?
7
Calculate 6 + -9 + (-5 - -3) + 6.
1
Calculate -5 + -3 + 8 + -5.
-5
Evaluate 1 + 7 + (-2 - (0 - -4)).
2
Evaluate 7 + (-1 - 4) - -1.
3
Evaluate -3 - (-2 - 1) - (2 - -2).
-4
What is the value of -3 + (5 - 4) - (3 - 10)?
5
Calculate -12 + 1 - (-99 + 79).
9
What is 4 + (4 - 13 - -5)?
0
Evaluate -5 + 5 + (-10 - (-2 - 3)).
-5
2 + 2 + (-1 - -3) + -5
1
What is the value of -5 + 4 + 2 + (3 - -1)?
5
What is the value of -20 - -13 - (0 - -1 - 5)?
-3
What is the value of (-56 - -63) + -10 + 1?
-2
What is 0 - 0 - (-4 - -5)?
-1
What is 3 + (0 - (-5 - -7))?
1
Evaluate -2 + (2 - -6) - (32 + -29).
3
What is the value of -11 + 8 + (4 + 0 - -2)?
3
What is the value of 6 + -1 + (-4 - 3)?
-2
Evaluate (-7 - -2) + -2 + 3.
-4
What is -4 + 2 + 8 + -5?
1
What is (3 - 2) + 11 + -7?
5
Calculate -7 + (20 - 9 - (6 + -1)).
-1
Calculate -1 + (2 - (-4 + 1)) + -2.
2
What is (13 - 15) + 1 + 0 + -6?
-7
-1 - (3 + -5 - 3 - -11)
-7
(-5 - 6) + -9 + 16
-4
What is (-8 - 1) + (5 - 1)?
-5
Evaluate 2 + 7 + -6 - (1 - 2).
4
Calculate (7 - (-4 + 8)) + -7.
-4
What is 0 + -1 + -3 + (250 - 245)?
1
Calculate 3 - (8 + 4 - (-1 - 0)).
-10
0 + 8 + (-1 - (2 - -1))
4
What is (-2 - (-3 - -6)) + 7 - 3?
-1
What is the value of ((0 - -3) + -4 - 3) + 6?
2
Evaluate 2 + (-4 - 3) + 0.
-5
What is the value of 11 + -15 - (-3 - 1)?
0
What is -2 - (9 - (8 + 2))?
-1
What is -3 + (2 + 5 + -5 - 1)?
-2
What is (6 - (5 - 10 - -5)) + -3?
3
Calculate -6 + 3 + -8 + 11 + 6.
6
What is the value of 14 - (7 - (-13 - -6 - -9))?
9
What is -2 + 2 + (5 - (1 + 11))?
-7
Calculate -7 + 9 + 1 + 5.
8
What is the value of 11 + -5 + -5 + -5 + 0?
-4
-4 + (-1 - (-5 - -2)) - 4
-6
What is -2 + 8 + -4 + -2 - 0?
0
What is the value of (2 - 5) + -5 - -8?
0
Evaluate 1 - -1 - (2 - -3).
-3
11 - 4 - (5 - 6)
8
What is (-4 - (-2 - (-1 + 3))) + 2?
2
Evaluate 0 + (20 - 10) + -8.
2
What is -11 + 9 + 8 + -1?
5
What is 0 - (2 + (3 - 5))?
0
Evaluate 3 + -3 + -1 + 1 - -3.
3
Calculate -4 - (-1 + -6 - -4).
-1
Evaluate 0 - -6 - (4 + -2).
4
-2 - 5 - (-9 - 2)
4
What is 5 + 0 + (-8 - (-4 - 0))?
1
What is the value of -1 - (0 + 2 - (0 - -3))?
0
What is (6 - (-2 + 6 - 1)) + 1?
4
Evaluate (-10 - (10 - 14)) + 2.
-4
Calculate 4 - (15 + (-9 - 0)).
-2
Calculate (-9 - (-7 + 4)) + 7 + 0.
1
What is the value of 1 + 7 - (3 + -2) - 3?
4
What is 7 - (8 + 1 + (-8 - -3))?
3
Calculate -2 - ((-8 - -4) + 1).
1
Evaluate -16 - ((-22 - -8) + 7 + 1).
-10
-8 + -2 + 5 - 1
-6
Evaluate 9 - 3 - (-8 - -6) - 8.
0
What is (0 - (-5 + 3)) + -9 + 6?
-1
What is the value of (-41 - -47) + (-2 - 1)?
3
What is the value of (9 - 0) + (-6 - -1) - 0?
4
Evaluate 8 - (-3 + 4) - 5.
2
Calculate -2 + (7 - (14 - 7)).
-2
What is -5 + (6 - -2) - 1?
2
What is the value of 41 + -42 - (-3 - (0 + 0))?
2
4 - (25 + -12 - 9)
0
Calculate (-8 - (3 + -5 + 1)) + 2.
-5
(11 - 2) + (20 + -13 - 7)
9
What is the value of -1 + 1 + (-7 - -2)?
-5
Calculate -7 - (-9 + (0 - -6)).
-4
Evaluate 1 + -8 - (-27 - -13 - -9).
-2
What is the value of (-206 - -205) + 1 + 5?
5
-1 + -7 + (19 - -1 - 6)
6
What is 2 + 2 + -3 - 1 - 1?
-1
(3 - 4 - -3 - 5) + 3
0
What is -3 + (0 + 8 - 4) + 3?
4
(0 + -1 - -6) + (-10 - -7)
2
Calculate -4 + -1 + 5 - (5 + -3).
-2
Calculate 3 + 0 + (0 - 2) + 4.
5
Evaluate (33 - 28) + (-3 - -1 - 8).
-5
4 - (0 - (7 + -10)) - 4
-3
Calculate 0 + -11 + 7 - 2.
-6
What is -3 - (-7 + 2 + -3 + 1)?
4
4 - (-8 + 15 - -1)
-4
Calculate (8 - (8 - 4)) + -2 - -2.
4
What is 1 - (-5 - (3 + -8 + 1))?
2
Calculate (-9 - -9) + (4 - 4 - 0).
0
Evaluate -2 - 0 - (-15 - (-8 - 5)).
0
What is the value of 13 + -4 - (7 + 2)?
0
What is -1 - (-9 + -4 + 9)?
3
Evaluate -5 + -2 + 10 + -4 + 2.
1
Calculate 7 - ((-4 - -1) + 9).
1
What is -1 - (9 - 9) - (0 - 6)?
5
Calculate 1 + -2 - (137 - 141).
3
(0 - 2) + 0 - (9 + -15)
4
What is (-6 - -13) + (-14 - -3)?
-4
Evaluate 4 - (0 + -4 + 12).
-4
-3 + 9 + -5 - (-4 + 0)
5
Calculate 1 + 0 + 5 - 3.
3
Calculate -6 + (-9 - (-17 - -3)).
-1
Calculate -2 - -1 - (1 - (-8 - -6)).
-4
Calculate (-63 - -56) + (-1 - 0) + 4.
-4
Evaluate (59 - 65) + -1 + 2.
-5
9 + 0 + -9 + -3
-3
What is the value of 1 + 1 + (-21 - -22) - 0?
3
What is 0 - (-11 - (-3 + -1))?
7
What is the value of 5 - (-3 - (-5 + (3 - 5)))?
1
-2 + 0 + 17 + -22 - -5
-2
Evaluate -87 + 95 + -2 + 0.
6
What is the value of 31 + -35 - (4 + -1 + -1)?
-6
What is the value of -5 + (1 - -1) - (-4 - -2)?
-1
Evaluate (6 - 2) + 9 + -7.
6
Evaluate -7 + (19 - -1) + -7.
6
Evaluate 13 + -10 + 1 + -2.
2
Calculate -4 + -3 + (-1 - -4).
-4
Evaluate -3 - (-1 - (-6 - -7)).
-1
What is 2 + -1 - (3 + -4 - -1)?
1
What is the value of 2 - ((-26 - -28) + (5 - 2))?
-3
Calculate -10 - (2 + -7) - -10.
5
What is 0 - (-7 + (-1 - -5))?
3
What is -4 - -4 - (1 + -4 + -2)?
5
What is the value of 3 + -3 + (-8 - -2) - -5?
-1
(0 - -9) + 0 + -7
2
8 + -3 + -1 + -3
1
What is -4 - (2 - (-4 - (-10 - -2)))?
-2
Evaluate 1 + -1 + (-5 - -5) + -5.
-5
(7 - (-4 + 5)) + 1 + -3
4
What is 0 + 6 + -2 + 1 - -1?
6
What is the value of 3 + -6 + 2 - 2?
-3
1 + -2 + 5 + -3 - 5
-4
What is -22 - (-9 + (3 - 5))?
-11
What is (1 - 1) + 1 + 3 - 0?
4
What is the value of 1 + -4 + (6 - 2)?
1
Calculate 7 + -3 + 7 + -4 + 1.
8
What is 4 + (-6 - -4) + -1?
1
Calculate 2 - 0 - 0 - 3.
-1
Calculate (-6 - (-2 - 1)) + 3 - 2.
-2
What is the value of (3 - 4) + (1 - -5)?
5
What is the value of (4 + 1 + 1 - 5) + 0?
1
What is 6 + 0 + -5 + -5 + 4?
0
3 - 0 - (5 + (0 - -2))
-4
What is the value of 4 + -9 + 4 - 1?
-2
Calculate -20 + (3 - -1) + 0 - -7.
-9
Evaluate 2 + (5 - (-1 + 5)).
3
Calculate 0 - 1 - (18 + 0 + -14).
-5
-7 + 3 + (-7 - -14)
3
What is 1 - ((-5 - -3 - 3) + 2)?
4
Evaluate -5 - (-10 + -5 - -5).
5
Evaluate 6 - (6 + 8) - (12 + -14).
-6
What is the value of -6 - (0 - -1) - (-28 + 27)?
-6
1 - 3 - (-5 + 0)
3
What is 3 + -2 + 0 - -2?
3
What is -9 - (-24 + 16) - (2 - -4)?
-7
1 - -2 - (-1 + (-5 - -7))
2
What is the value of -9 - -2 - (-9 + 1)?
1
6 - (4 - (-5 + 6))
3
Evaluate 4 + (-1 - 1) - (-4 - -7).
-1
What is the value of -8 - (-6 - -11 - 12)?
-1
Evaluate 3 + -4 + (-10 - -11).
0
Calculate -5 + -2 + 2 - 2.
-7
0 + 0 - 1 - (-7 + 6)
0
What is (1 + 3 + 0 - 1) + -3?
0
Calculate -6 + 10 + -2 + 1.
3
(168 - 166) + (-3 - (4 - 2))
-3
-1 + 2 + (-23 - (-24 + 10))
-8
What is -5 + 10 - 4 - -3?
4
Calculate 52 - 47 - (1 - (-1 + 2)).
5
Evaluate -2 + (17 - (1 - -7)).
7
What is 0 - (10 + -2 - (-9 + 18))?
1
(-1 - -3) + -6 + 12 + -9
-1
What is the value of 96 + -92 - (-1 + 10)?
-5
What is the value of (15 - 18) + (2 - 1 - 4)?
-6
2 - 9 - (-6 - (-3 + 1))
-3
What is the value of 4 + (-2 - 5) + -1 + -1?
-5
What is the value of 16 + -23 - (-1 - 1)?
-5
What is -12 + (7 - -3) + 2?
0
-4 - (4 - (-2 - -8))
-2
What is (-8 - -6) + -1 + 4?
1
Evaluate 2 + -2 + (6 - (10 + -2)).
-2
(3 - -5) + 5 - 6
7
Evaluate -3 + 2 + 4 + -2 + 3.
4
Wha